{"id":385,"date":"2025-12-02T12:42:02","date_gmt":"2025-12-02T18:42:02","guid":{"rendered":"https:\/\/agims.org.gt\/agims\/home-2\/"},"modified":"2026-01-06T15:52:09","modified_gmt":"2026-01-06T21:52:09","slug":"portada","status":"publish","type":"page","link":"https:\/\/agims.org.gt\/agims\/","title":{"rendered":"PORTADA"},"content":{"rendered":"\n<div style=\"height:109px\" aria-hidden=\"true\" class=\"wp-block-spacer\"><\/div>\n\n\n\n<div class=\"wp-block-columns is-layout-flex wp-container-core-columns-is-layout-28f84493 wp-block-columns-is-layout-flex\">\n<div class=\"wp-block-column is-layout-flow wp-block-column-is-layout-flow\" style=\"flex-basis:66.66%\">\n<div class=\"wp-block-buttons is-layout-flex wp-block-buttons-is-layout-flex\">\n<div class=\"wp-block-button\"><a class=\"wp-block-button__link has-accent-background-color has-background wp-element-button\" style=\"padding-top:var(--wp--preset--spacing--20);padding-bottom:var(--wp--preset--spacing--20)\">\u00daltimas noticias<\/a><\/div>\n<\/div>\n\n\n<div class=\"is-style-boxed wp-block-themeisle-blocks-posts-grid\" id=\"wp-block-themeisle-blocks-posts-grid-118175fa\"><div class=\"o-featured-container\"><div class=\"o-featured-post\"><div class=\"o-posts-grid-post-image\"><a href=\"https:\/\/agims.org.gt\/agims\/25-anos-de-agima\/\"><img loading=\"lazy\" decoding=\"async\" width=\"1177\" height=\"883\" src=\"https:\/\/agims.org.gt\/agims\/wp-content\/uploads\/2026\/04\/nimbe.png\" class=\"attachment-full size-full\" alt=\"25 a\u00f1os de AGIMS\" srcset=\"https:\/\/agims.org.gt\/agims\/wp-content\/uploads\/2026\/04\/nimbe.png 1177w, https:\/\/agims.org.gt\/agims\/wp-content\/uploads\/2026\/04\/nimbe-300x225.png 300w, https:\/\/agims.org.gt\/agims\/wp-content\/uploads\/2026\/04\/nimbe-1024x768.png 1024w, https:\/\/agims.org.gt\/agims\/wp-content\/uploads\/2026\/04\/nimbe-768x576.png 768w\" sizes=\"(max-width: 1177px) 100vw, 1177px\" \/><\/a><\/div><div class=\"o-posts-grid-post-body\"><span class=\"o-posts-grid-post-category\"><a href=\"https:\/\/agims.org.gt\/agims\/category\/noticias\/\">NOTICIAS<\/a><\/span><h4 class=\"o-posts-grid-post-title\"><a href=\"https:\/\/agims.org.gt\/agims\/25-anos-de-agima\/\">25 a\u00f1os de AGIMS<\/a><\/h4><p class=\"o-posts-grid-post-meta\">Publicado el <time datetime=\"2026-04-29T08:47:53-06:00\">29 abril, 2026<\/time> por <a href=\"https:\/\/agims.org.gt\/agims\/author\/agims\/\">Asociaci\u00f3n Agims<\/a><\/p><div class=\"o-posts-grid-post-description\"><p>Nim B&#8217;e celebrara los 25 a\u00f1os de servir a la comunidad el aporte de AGIMS a las mujeres ind\u00edge\u2026<\/p><\/div><\/div><\/div><\/div><div class=\"is-list\"><div class=\"o-posts-grid-post-blog o-posts-grid-post-plain\"><div class=\"o-posts-grid-post\"><div class=\"o-posts-grid-post-image\"><a href=\"https:\/\/agims.org.gt\/agims\/asi-inicio-agims-testimonios-de-fundadoras\/\"><img loading=\"lazy\" decoding=\"async\" width=\"1080\" height=\"471\" src=\"https:\/\/agims.org.gt\/agims\/wp-content\/uploads\/2026\/04\/equipo-de-trabajo-001-1.jpg\" class=\"attachment-full size-full\" alt=\"As\u00ed inici\u00f3 AGIMS: Testimonios de fundadoras\" srcset=\"https:\/\/agims.org.gt\/agims\/wp-content\/uploads\/2026\/04\/equipo-de-trabajo-001-1.jpg 1080w, https:\/\/agims.org.gt\/agims\/wp-content\/uploads\/2026\/04\/equipo-de-trabajo-001-1-300x131.jpg 300w, https:\/\/agims.org.gt\/agims\/wp-content\/uploads\/2026\/04\/equipo-de-trabajo-001-1-1024x447.jpg 1024w, https:\/\/agims.org.gt\/agims\/wp-content\/uploads\/2026\/04\/equipo-de-trabajo-001-1-768x335.jpg 768w\" sizes=\"(max-width: 1080px) 100vw, 1080px\" \/><\/a><\/div><div class=\"o-posts-grid-post-body\"><span class=\"o-posts-grid-post-category\"><a href=\"https:\/\/agims.org.gt\/agims\/category\/galerias\/\">GALER\u00cdAS<\/a><\/span><h4 class=\"o-posts-grid-post-title\"><a href=\"https:\/\/agims.org.gt\/agims\/asi-inicio-agims-testimonios-de-fundadoras\/\">As\u00ed inici\u00f3 AGIMS: Testimonios de fundadoras<\/a><\/h4><p class=\"o-posts-grid-post-meta\">Publicado el <time datetime=\"2026-04-23T09:26:07-06:00\">23 abril, 2026<\/time> por <a href=\"https:\/\/agims.org.gt\/agims\/author\/agims\/\">Asociaci\u00f3n Agims<\/a><\/p><div class=\"o-posts-grid-post-description\"><p>El 2001 fue un reto y desaf\u00edo pensar en formar una asociaci\u00f3n de mujeres ind\u00edgenas para promover los\u2026<\/p><\/div><\/div><\/div><\/div><div class=\"o-posts-grid-post-blog o-posts-grid-post-plain\"><div class=\"o-posts-grid-post\"><div class=\"o-posts-grid-post-image\"><a href=\"https:\/\/agims.org.gt\/agims\/agims-%f0%9d%97%a5%f0%9d%97%b2%f0%9d%97%ba%f0%9d%97%b2%f0%9d%97%ba%f0%9d%97%bc%f0%9d%97%bf%f0%9d%97%ae-%f0%9d%97%97%f0%9d%97%b6%f0%9d%97%ae-%f0%9d%97%9c%f0%9d%97%bb%f0%9d%98%81%f0%9d%97%b2\/\"><img loading=\"lazy\" decoding=\"async\" width=\"1439\" height=\"1079\" src=\"https:\/\/agims.org.gt\/agims\/wp-content\/uploads\/2026\/03\/MARMUJERES-020.jpg\" class=\"attachment-full size-full\" alt=\"AGIMS \ud835\udde5\ud835\uddf2\ud835\uddfa\ud835\uddf2\ud835\uddfa\ud835\uddfc\ud835\uddff\ud835\uddee \ud835\uddd7\ud835\uddf6\u0301\ud835\uddee \ud835\udddc\ud835\uddfb\ud835\ude01\ud835\uddf2\ud835\uddff\ud835\uddfb\ud835\uddee\ud835\uddf0\ud835\uddf6\ud835\uddfc\ud835\uddfb\ud835\uddee\ud835\uddf9 \ud835\uddf1\ud835\uddf2 \ud835\uddf9\ud835\uddee \ud835\udde0\ud835\ude02\ud835\uddf7\ud835\uddf2\ud835\uddff\" srcset=\"https:\/\/agims.org.gt\/agims\/wp-content\/uploads\/2026\/03\/MARMUJERES-020.jpg 1439w, https:\/\/agims.org.gt\/agims\/wp-content\/uploads\/2026\/03\/MARMUJERES-020-300x225.jpg 300w, https:\/\/agims.org.gt\/agims\/wp-content\/uploads\/2026\/03\/MARMUJERES-020-1024x768.jpg 1024w, https:\/\/agims.org.gt\/agims\/wp-content\/uploads\/2026\/03\/MARMUJERES-020-768x576.jpg 768w\" sizes=\"(max-width: 1439px) 100vw, 1439px\" \/><\/a><\/div><div class=\"o-posts-grid-post-body\"><span class=\"o-posts-grid-post-category\"><a href=\"https:\/\/agims.org.gt\/agims\/category\/galerias\/\">GALER\u00cdAS<\/a><\/span><h4 class=\"o-posts-grid-post-title\"><a href=\"https:\/\/agims.org.gt\/agims\/agims-%f0%9d%97%a5%f0%9d%97%b2%f0%9d%97%ba%f0%9d%97%b2%f0%9d%97%ba%f0%9d%97%bc%f0%9d%97%bf%f0%9d%97%ae-%f0%9d%97%97%f0%9d%97%b6%f0%9d%97%ae-%f0%9d%97%9c%f0%9d%97%bb%f0%9d%98%81%f0%9d%97%b2\/\">AGIMS \ud835\udde5\ud835\uddf2\ud835\uddfa\ud835\uddf2\ud835\uddfa\ud835\uddfc\ud835\uddff\ud835\uddee \ud835\uddd7\ud835\uddf6\u0301\ud835\uddee \ud835\udddc\ud835\uddfb\ud835\ude01\ud835\uddf2\ud835\uddff\ud835\uddfb\ud835\uddee\ud835\uddf0\ud835\uddf6\ud835\uddfc\ud835\uddfb\ud835\uddee\ud835\uddf9 \ud835\uddf1\ud835\uddf2 \ud835\uddf9\ud835\uddee \ud835\udde0\ud835\ude02\ud835\uddf7\ud835\uddf2\ud835\uddff<\/a><\/h4><p class=\"o-posts-grid-post-meta\">Publicado el <time datetime=\"2026-03-10T16:02:52-06:00\">10 marzo, 2026<\/time> por <a href=\"https:\/\/agims.org.gt\/agims\/author\/agims\/\">Asociaci\u00f3n Agims<\/a><\/p><div class=\"o-posts-grid-post-description\"><p>Mujeres, mujeres lideresas, mujeres Autoridades Ancestrales de los municipios de Chuarrancho, San Ra\u2026<\/p><\/div><\/div><\/div><\/div><div class=\"o-posts-grid-post-blog o-posts-grid-post-plain\"><div class=\"o-posts-grid-post\"><div class=\"o-posts-grid-post-image\"><a href=\"https:\/\/agims.org.gt\/agims\/proyecto-de-vida\/\"><img loading=\"lazy\" decoding=\"async\" width=\"1600\" height=\"1600\" src=\"https:\/\/agims.org.gt\/agims\/wp-content\/uploads\/2026\/02\/clausura-006.jpg\" class=\"attachment-full size-full\" alt=\"Proyecto de Vida\" srcset=\"https:\/\/agims.org.gt\/agims\/wp-content\/uploads\/2026\/02\/clausura-006.jpg 1600w, https:\/\/agims.org.gt\/agims\/wp-content\/uploads\/2026\/02\/clausura-006-300x300.jpg 300w, https:\/\/agims.org.gt\/agims\/wp-content\/uploads\/2026\/02\/clausura-006-1024x1024.jpg 1024w, https:\/\/agims.org.gt\/agims\/wp-content\/uploads\/2026\/02\/clausura-006-150x150.jpg 150w, https:\/\/agims.org.gt\/agims\/wp-content\/uploads\/2026\/02\/clausura-006-768x768.jpg 768w, https:\/\/agims.org.gt\/agims\/wp-content\/uploads\/2026\/02\/clausura-006-1536x1536.jpg 1536w\" sizes=\"(max-width: 1600px) 100vw, 1600px\" \/><\/a><\/div><div class=\"o-posts-grid-post-body\"><span class=\"o-posts-grid-post-category\"><a href=\"https:\/\/agims.org.gt\/agims\/category\/historias-de-vida\/\">Historias de vida<\/a><\/span><h4 class=\"o-posts-grid-post-title\"><a href=\"https:\/\/agims.org.gt\/agims\/proyecto-de-vida\/\">Proyecto de Vida<\/a><\/h4><p class=\"o-posts-grid-post-meta\">Publicado el <time datetime=\"2026-02-27T09:06:20-06:00\">27 febrero, 2026<\/time> por <a href=\"https:\/\/agims.org.gt\/agims\/author\/agims\/\">Asociaci\u00f3n Agims<\/a><\/p><div class=\"o-posts-grid-post-description\"><p>AGIMS apoya y acompa\u00f1a a mujeres en el proceso de redirecci\u00f3n de su proyecto de vida, despu\u00e9s de hab\u2026<\/p><\/div><\/div><\/div><\/div><div class=\"o-posts-grid-post-blog o-posts-grid-post-plain\"><div class=\"o-posts-grid-post\"><div class=\"o-posts-grid-post-image\"><a href=\"https:\/\/agims.org.gt\/agims\/%f0%9d%97%a7%f0%9d%97%b2%f0%9d%97%b7%f0%9d%97%b6%f0%9d%97%b2%f0%9d%97%bb%f0%9d%97%b1%f0%9d%97%bc-%f0%9d%98%83%f0%9d%97%b6%f0%9d%97%b1%f0%9d%97%ae\/\"><img loading=\"lazy\" decoding=\"async\" width=\"1620\" height=\"1080\" src=\"https:\/\/agims.org.gt\/agims\/wp-content\/uploads\/2026\/02\/maria-yolanda.jpg\" class=\"attachment-full size-full\" alt=\"\ud835\udde7\ud835\uddf2\ud835\uddf7\ud835\uddf6\ud835\uddf2\ud835\uddfb\ud835\uddf1\ud835\uddfc \ud835\ude03\ud835\uddf6\ud835\uddf1\ud835\uddee\" srcset=\"https:\/\/agims.org.gt\/agims\/wp-content\/uploads\/2026\/02\/maria-yolanda.jpg 1620w, https:\/\/agims.org.gt\/agims\/wp-content\/uploads\/2026\/02\/maria-yolanda-300x200.jpg 300w, https:\/\/agims.org.gt\/agims\/wp-content\/uploads\/2026\/02\/maria-yolanda-1024x683.jpg 1024w, https:\/\/agims.org.gt\/agims\/wp-content\/uploads\/2026\/02\/maria-yolanda-768x512.jpg 768w, https:\/\/agims.org.gt\/agims\/wp-content\/uploads\/2026\/02\/maria-yolanda-1536x1024.jpg 1536w, https:\/\/agims.org.gt\/agims\/wp-content\/uploads\/2026\/02\/maria-yolanda-360x240.jpg 360w\" sizes=\"(max-width: 1620px) 100vw, 1620px\" \/><\/a><\/div><div class=\"o-posts-grid-post-body\"><span class=\"o-posts-grid-post-category\"><a href=\"https:\/\/agims.org.gt\/agims\/category\/escuela-de-tejido-sanando-entre-hilos\/\">Escuela de Tejido Sanando entre hilos<\/a><\/span><h4 class=\"o-posts-grid-post-title\"><a href=\"https:\/\/agims.org.gt\/agims\/%f0%9d%97%a7%f0%9d%97%b2%f0%9d%97%b7%f0%9d%97%b6%f0%9d%97%b2%f0%9d%97%bb%f0%9d%97%b1%f0%9d%97%bc-%f0%9d%98%83%f0%9d%97%b6%f0%9d%97%b1%f0%9d%97%ae\/\">\ud835\udde7\ud835\uddf2\ud835\uddf7\ud835\uddf6\ud835\uddf2\ud835\uddfb\ud835\uddf1\ud835\uddfc \ud835\ude03\ud835\uddf6\ud835\uddf1\ud835\uddee<\/a><\/h4><p class=\"o-posts-grid-post-meta\">Publicado el <time datetime=\"2026-02-24T08:34:42-06:00\">24 febrero, 2026<\/time> por <a href=\"https:\/\/agims.org.gt\/agims\/author\/agims\/\">Asociaci\u00f3n Agims<\/a><\/p><div class=\"o-posts-grid-post-description\"><p>Mar\u00eda Yolanda es una de las nuevas tejedoras egresadas de la Escuela de tejido \u00abSanando entre hilos\u00bb\u2026<\/p><\/div><\/div><\/div><\/div><\/div> <\/div><\/div>\n\n\n\n<div class=\"wp-block-column is-layout-flow wp-block-column-is-layout-flow\" style=\"flex-basis:33.33%\">\n<div class=\"wp-block-buttons is-content-justification-center is-layout-flex wp-container-core-buttons-is-layout-a89b3969 wp-block-buttons-is-layout-flex\">\n<div class=\"wp-block-button is-style-fill\"><a class=\"wp-block-button__link has-accent-background-color has-background has-text-align-center wp-element-button\" style=\"padding-top:var(--wp--preset--spacing--20);padding-bottom:var(--wp--preset--spacing--20)\">Nuestras redes<\/a><\/div>\n<\/div>\n\n\n\n<iframe src='https:\/\/widgets.sociablekit.com\/facebook-page-posts\/iframe\/25629087' frameborder='0' width='100%' height='500px'><\/iframe>\n\n\n\n<iframe src='https:\/\/widgets.sociablekit.com\/twitter-feed\/iframe\/25629085' frameborder='0' width='100%' height='500px'><\/iframe>\n\n\n\n<iframe src='https:\/\/widgets.sociablekit.com\/instagram-feed\/iframe\/25629089' frameborder='0' width='100%' height='500px'><\/iframe>\n<\/div>\n<\/div>\n\n\n\n<div style=\"height:100px\" aria-hidden=\"true\" class=\"wp-block-spacer\"><\/div>\n\n\n\n<div id=\"wp-block-themeisle-blocks-slider-4787ac79\" class=\"wp-block-themeisle-blocks-slider alignwide glide animated fadeInDown\" data-per-view=\"1\" data-gap=\"0\" data-peek=\"0\" data-autoplay=\"true\" data-height=\"400px\" data-hide-arrows=\"false\"><div class=\"glide__track\" data-glide-el=\"track\"><div class=\"glide__slides\"><div class=\"wp-block-themeisle-blocks-slider-item-wrapper glide__slide\" tabindex=\"0\"><figure><img decoding=\"async\" class=\"wp-block-themeisle-blocks-slider-item\" src=\"https:\/\/agims.org.gt\/agims\/wp-content\/uploads\/2025\/12\/COMADRONAS-PLANTAS-MEDICINALES-008-scaled.jpg\" alt=\"\" title=\"\" data-id=\"317\"\/><\/figure><\/div><div class=\"wp-block-themeisle-blocks-slider-item-wrapper glide__slide\" tabindex=\"0\"><figure><img decoding=\"async\" class=\"wp-block-themeisle-blocks-slider-item\" src=\"https:\/\/agims.org.gt\/agims\/wp-content\/uploads\/2025\/12\/MEDICINA-NATUAL-1.jpg\" alt=\"\" title=\"\" data-id=\"258\"\/><\/figure><\/div><div class=\"wp-block-themeisle-blocks-slider-item-wrapper glide__slide\" tabindex=\"0\"><figure><img decoding=\"async\" class=\"wp-block-themeisle-blocks-slider-item\" src=\"https:\/\/agims.org.gt\/agims\/wp-content\/uploads\/2025\/12\/DIA-MUJER-16.jpg\" alt=\"\" title=\"\" data-id=\"244\"\/><\/figure><\/div><div class=\"wp-block-themeisle-blocks-slider-item-wrapper glide__slide\" tabindex=\"0\"><figure><img decoding=\"async\" class=\"wp-block-themeisle-blocks-slider-item\" src=\"https:\/\/agims.org.gt\/agims\/wp-content\/uploads\/2025\/12\/MEDICINA-NATUAL-2.jpg\" alt=\"\" title=\"\" data-id=\"260\"\/><\/figure><\/div><div class=\"wp-block-themeisle-blocks-slider-item-wrapper glide__slide\" tabindex=\"0\"><figure><img decoding=\"async\" class=\"wp-block-themeisle-blocks-slider-item\" src=\"https:\/\/agims.org.gt\/agims\/wp-content\/uploads\/2025\/12\/COMADRONAS-PLANTAS-MEDICINALES-015-scaled.jpg\" alt=\"\" title=\"\" data-id=\"323\"\/><\/figure><\/div><div class=\"wp-block-themeisle-blocks-slider-item-wrapper glide__slide\" tabindex=\"0\"><figure><img decoding=\"async\" class=\"wp-block-themeisle-blocks-slider-item\" src=\"https:\/\/agims.org.gt\/agims\/wp-content\/uploads\/2025\/12\/DIA-MUJER-7.jpg\" alt=\"\" title=\"\" data-id=\"232\"\/><\/figure><\/div><div class=\"wp-block-themeisle-blocks-slider-item-wrapper glide__slide\" tabindex=\"0\"><figure><img decoding=\"async\" class=\"wp-block-themeisle-blocks-slider-item\" src=\"https:\/\/agims.org.gt\/agims\/wp-content\/uploads\/2025\/12\/COMADRONAS-PLANTAS-MEDICINALES-003-scaled.jpg\" alt=\"\" title=\"\" data-id=\"318\"\/><\/figure><\/div><\/div><div class=\"glide__bullets\" data-glide-el=\"controls[nav]\"><button class=\"glide__bullet\" data-glide-dir=\"=0\"><\/button><button class=\"glide__bullet\" data-glide-dir=\"=1\"><\/button><button class=\"glide__bullet\" data-glide-dir=\"=2\"><\/button><button class=\"glide__bullet\" data-glide-dir=\"=3\"><\/button><button class=\"glide__bullet\" data-glide-dir=\"=4\"><\/button><button class=\"glide__bullet\" data-glide-dir=\"=5\"><\/button><button class=\"glide__bullet\" data-glide-dir=\"=6\"><\/button><\/div><\/div><\/div>\n\n\n\n<div style=\"height:180px\" aria-hidden=\"true\" class=\"wp-block-spacer\"><\/div>\n\n\n\n<div class=\"wp-block-buttons animated fadeInUp is-content-justification-center is-layout-flex wp-container-core-buttons-is-layout-749adb30 wp-block-buttons-is-layout-flex\">\n<div class=\"wp-block-button o-typing-fast\"><a class=\"wp-block-button__link has-accent-background-color has-background has-text-align-left has-custom-font-size wp-element-button\" href=\"\/agims\/principios-y-valores\/\" style=\"padding-top:var(--wp--preset--spacing--20);padding-bottom:var(--wp--preset--spacing--20);font-size:28px\"><strong>NUESTROS VALORES<\/strong><\/a><\/div>\n<\/div>\n\n\n\n<div style=\"height:180px\" aria-hidden=\"true\" class=\"wp-block-spacer\"><\/div>\n\n\n\n<div class=\"wp-block-cover alignfull is-light has-parallax wp-duotone-unset-1\" style=\"border-style:none;border-width:0px;border-top-left-radius:0px;border-top-right-radius:0px;border-bottom-left-radius:0px;border-bottom-right-radius:0px;margin-top:0;margin-bottom:0;padding-top:0;padding-right:0;padding-bottom:0;padding-left:0;min-height:475px;aspect-ratio:unset;\"><div class=\"wp-block-cover__image-background wp-image-41 size-full has-parallax\" style=\"background-position:50% 50%;background-image:url(https:\/\/agims.org.gt\/agims\/wp-content\/uploads\/2025\/12\/LOGO-AGIMS-GRANDE-PNG.png)\"><\/div><span aria-hidden=\"true\" class=\"wp-block-cover__background has-white-background-color has-background-dim-90 has-background-dim\"><\/span><div class=\"wp-block-cover__inner-container is-layout-constrained wp-container-core-cover-is-layout-72d38984 wp-block-cover-is-layout-constrained\"><div class=\"wp-block-image animated bounceIn delay-500ms \">\n<figure class=\"aligncenter size-full is-resized\"><img loading=\"lazy\" decoding=\"async\" width=\"567\" height=\"551\" src=\"https:\/\/agims.org.gt\/agims\/wp-content\/uploads\/2025\/12\/LOGO-AGIMS-GRANDE-PNG.png\" alt=\"\" class=\"wp-image-41\" style=\"aspect-ratio:1.029103389910198;width:412px;height:auto\"\/><\/figure>\n<\/div><\/div><\/div>\n\n\n\n<div style=\"height:190px\" aria-hidden=\"true\" class=\"wp-block-spacer\"><\/div>\n\n\n\n<h2 class=\"wp-block-heading has-text-align-center o-anim-hover has-header-gradient-color has-text-color has-link-color wp-elements-7b96edb485afba61a1e78fcb8d0b5451\" style=\"font-size:49px\">Galer\u00edas<\/h2>\n\n\n\n<div class=\"wp-block-cover alignfull is-light animated fadeInUp\" style=\"min-height:274px;aspect-ratio:unset;\"><span aria-hidden=\"true\" class=\"wp-block-cover__background has-white-background-color has-background-dim-100 has-background-dim\"><\/span><div class=\"wp-block-cover__inner-container is-layout-constrained wp-block-cover-is-layout-constrained\">\n<div class=\"wp-block-columns alignwide is-layout-flex wp-container-core-columns-is-layout-28f84493 wp-block-columns-is-layout-flex\">\n<div class=\"wp-block-column is-layout-flow wp-block-column-is-layout-flow\" style=\"flex-basis:10%\"><\/div>\n\n\n\n<div class=\"wp-block-column is-layout-flow wp-block-column-is-layout-flow\" style=\"flex-basis:90%\"><div class=\"ticss-62d883b6 is-style-tiled wp-block-themeisle-blocks-posts-grid\" id=\"wp-block-themeisle-blocks-posts-grid-9e59e8ac\"><div class=\"is-grid o-posts-grid-columns-4\"><div class=\"o-posts-grid-post-blog o-posts-grid-post-plain\" style=\"background-image: url(https:\/\/agims.org.gt\/agims\/wp-content\/uploads\/2026\/04\/equipo-de-trabajo-001-1-300x131.jpg); background-size: cover; background-position: center center;\"><div class=\"o-posts-grid-post\"><div class=\"o-posts-grid-post-body\"><h4 class=\"o-posts-grid-post-title\"><a href=\"https:\/\/agims.org.gt\/agims\/asi-inicio-agims-testimonios-de-fundadoras\/\">As\u00ed inici\u00f3 AGIMS: Testimonios de fundadoras<\/a><\/h4><\/div><\/div><\/div><div class=\"o-posts-grid-post-blog o-posts-grid-post-plain\" style=\"background-image: url(https:\/\/agims.org.gt\/agims\/wp-content\/uploads\/2026\/03\/MARMUJERES-020-300x225.jpg); background-size: cover; background-position: center center;\"><div class=\"o-posts-grid-post\"><div class=\"o-posts-grid-post-body\"><h4 class=\"o-posts-grid-post-title\"><a href=\"https:\/\/agims.org.gt\/agims\/agims-%f0%9d%97%a5%f0%9d%97%b2%f0%9d%97%ba%f0%9d%97%b2%f0%9d%97%ba%f0%9d%97%bc%f0%9d%97%bf%f0%9d%97%ae-%f0%9d%97%97%f0%9d%97%b6%f0%9d%97%ae-%f0%9d%97%9c%f0%9d%97%bb%f0%9d%98%81%f0%9d%97%b2\/\">AGIMS \ud835\udde5\ud835\uddf2\ud835\uddfa\ud835\uddf2\ud835\uddfa\ud835\uddfc\ud835\uddff\ud835\uddee \ud835\uddd7\ud835\uddf6\u0301\ud835\uddee \ud835\udddc\ud835\uddfb\ud835\ude01\ud835\uddf2\ud835\uddff\ud835\uddfb\ud835\uddee\ud835\uddf0\ud835\uddf6\ud835\uddfc\ud835\uddfb\ud835\uddee\ud835\uddf9 \ud835\uddf1\ud835\uddf2 \ud835\uddf9\ud835\uddee \ud835\udde0\ud835\ude02\ud835\uddf7\ud835\uddf2\ud835\uddff<\/a><\/h4><\/div><\/div><\/div><div class=\"o-posts-grid-post-blog o-posts-grid-post-plain\" style=\"background-image: url(https:\/\/agims.org.gt\/agims\/wp-content\/uploads\/2026\/02\/maria-yolanda-300x200.jpg); background-size: cover; background-position: center center;\"><div class=\"o-posts-grid-post\"><div class=\"o-posts-grid-post-body\"><h4 class=\"o-posts-grid-post-title\"><a href=\"https:\/\/agims.org.gt\/agims\/%f0%9d%97%a7%f0%9d%97%b2%f0%9d%97%b7%f0%9d%97%b6%f0%9d%97%b2%f0%9d%97%bb%f0%9d%97%b1%f0%9d%97%bc-%f0%9d%98%83%f0%9d%97%b6%f0%9d%97%b1%f0%9d%97%ae\/\">\ud835\udde7\ud835\uddf2\ud835\uddf7\ud835\uddf6\ud835\uddf2\ud835\uddfb\ud835\uddf1\ud835\uddfc \ud835\ude03\ud835\uddf6\ud835\uddf1\ud835\uddee<\/a><\/h4><\/div><\/div><\/div><div class=\"o-posts-grid-post-blog o-posts-grid-post-plain\" style=\"background-image: url(https:\/\/agims.org.gt\/agims\/wp-content\/uploads\/2026\/02\/Tejido-008-300x225.jpg); background-size: cover; background-position: center center;\"><div class=\"o-posts-grid-post\"><div class=\"o-posts-grid-post-body\"><h4 class=\"o-posts-grid-post-title\"><a href=\"https:\/\/agims.org.gt\/agims\/escuela-de-tejido-en-la-granadilla\/\">Escuela de Tejido en La Granadilla<\/a><\/h4><\/div><\/div><\/div><\/div> <\/div><\/div>\n\n\n\n<div class=\"wp-block-column is-layout-flow wp-block-column-is-layout-flow\" style=\"flex-basis:10%\"><\/div>\n<\/div>\n<\/div><\/div>\n\n\n\n<div style=\"height:119px\" aria-hidden=\"true\" class=\"wp-block-spacer\"><\/div>\n\n\n\n<div style=\"height:102px\" aria-hidden=\"true\" class=\"wp-block-spacer\"><\/div>\n","protected":false},"excerpt":{"rendered":"<p>Galer\u00edas<\/p>\n","protected":false},"author":1,"featured_media":0,"parent":0,"menu_order":0,"comment_status":"closed","ping_status":"closed","template":"","meta":{"pgc_sgb_lightbox_settings":"","_themeisle_gutenberg_block_has_review":false,"footnotes":""},"class_list":["post-385","page","type-page","status-publish","hentry"],"_links":{"self":[{"href":"https:\/\/agims.org.gt\/agims\/wp-json\/wp\/v2\/pages\/385","targetHints":{"allow":["GET"]}}],"collection":[{"href":"https:\/\/agims.org.gt\/agims\/wp-json\/wp\/v2\/pages"}],"about":[{"href":"https:\/\/agims.org.gt\/agims\/wp-json\/wp\/v2\/types\/page"}],"author":[{"embeddable":true,"href":"https:\/\/agims.org.gt\/agims\/wp-json\/wp\/v2\/users\/1"}],"replies":[{"embeddable":true,"href":"https:\/\/agims.org.gt\/agims\/wp-json\/wp\/v2\/comments?post=385"}],"version-history":[{"count":173,"href":"https:\/\/agims.org.gt\/agims\/wp-json\/wp\/v2\/pages\/385\/revisions"}],"predecessor-version":[{"id":5258,"href":"https:\/\/agims.org.gt\/agims\/wp-json\/wp\/v2\/pages\/385\/revisions\/5258"}],"wp:attachment":[{"href":"https:\/\/agims.org.gt\/agims\/wp-json\/wp\/v2\/media?parent=385"}],"curies":[{"name":"wp","href":"https:\/\/api.w.org\/{rel}","templated":true}]}}