{"id":4865,"date":"2025-12-02T16:13:40","date_gmt":"2025-12-02T15:13:40","guid":{"rendered":"http:\/\/localhost\/ag-ims\/?page_id=161"},"modified":"2025-12-02T16:13:40","modified_gmt":"2025-12-02T15:13:40","slug":"formulario-informacion-publica","status":"publish","type":"page","link":"https:\/\/agims.org.gt\/agims\/formulario-informacion-publica\/","title":{"rendered":"Formulario"},"content":{"rendered":"\n<p>+ Previo a llenar el formulario electr\u00f3nico para presentar la solicitud de informaci\u00f3n<br>p\u00fablica se sugiere considerar los siguientes aspectos:<\/p>\n\n\n\n<ul class=\"wp-block-list\">\n<li><strong>El Formulario electr\u00f3nico incluye campos obligatorios<\/strong>, as\u00ed como datos opcionales que ser\u00e1n \u00fatiles para fines estad\u00edsticos.<\/li>\n\n\n\n<li><strong>Informaci\u00f3n clara y precia:<\/strong> a efecto de ofrecer un mejor servicio, se recomienda identificar de forma clara y precisa la informaci\u00f3n solicitada, s\u00ed tienes referencia o conocimiento donde se encuentra la informaci\u00f3n requerida, puedes expresarla en tu solicitud.<\/li>\n\n\n\n<li><strong>Datos personales: <\/strong>En materia de datos personales contenidos en los archivos o sistemas de informaci\u00f3n de AGIMS, debe recordarse que s\u00f3lo los titulares de la informaci\u00f3n o sus representantes legales pueden solicitar acceso a los mismos (para entrega, modificaci\u00f3n, correcciones o supresi\u00f3n), previa.<\/li>\n\n\n\n<li><strong>Gratuidad y costos de reproducci\u00f3n:<\/strong> El acceso a la informaci\u00f3n p\u00fablica de AGIMS es gratuito y, solo cuando aplique se cobrar\u00e1n los gastos de reproducci\u00f3n de la informaci\u00f3n solicitada, en los t\u00e9rminos previstos en la ley de acceso a la informaci\u00f3n p\u00fablica.<\/li>\n\n\n\n<li><strong>Plazo para la respuesta:<\/strong> El plazo m\u00e1ximo para emitir la respuesta a las solicitudes de informaci\u00f3n p\u00fablica es de 10 d\u00edas h\u00e1biles, que comienzan a partir del d\u00eda (h\u00e1bil) siguiente de ser admitida, salvo que sea notificada la pr\u00f3rroga, cuando el volumen y extensi\u00f3n de la respuesta lo justifique.<\/li>\n<\/ul>\n\n\n\n<p><\/p>\n\n\n\n<p><strong>Nota:<\/strong> El sistema no tiene restricci\u00f3n de horario de recepci\u00f3n de solicitudes, sin embargo, si la solicitud es ingresada despu\u00e9s de las 17:00 horas o en d\u00edas inh\u00e1biles la fecha de recepci\u00f3n se considerar\u00e1 hasta el d\u00eda h\u00e1bil siguiente.<\/p>\n\n\n\n<div style=\"height:62px\" aria-hidden=\"true\" class=\"wp-block-spacer\"><\/div>\n\n\n\n<div id=\"wp-block-themeisle-blocks-form-8f29777c\" class=\"wp-block-themeisle-blocks-form\" data-option-name=\"8a220dd967ad5949062cf9f1aab5cbe033469a06_8f29777c\"><form class=\"otter-form__container\">\n<div id=\"wp-block-themeisle-blocks-form-input-90a2f56a\" class=\"wp-block-themeisle-blocks-form-input\"><label for=\"wp-block-themeisle-blocks-form-input-90a2f56a-input\" class=\"otter-form-input-label\"><span class=\"otter-form-input-label__label\">Nombres<\/span><span class=\"required\">*<\/span><\/label><input type=\"text\" id=\"wp-block-themeisle-blocks-form-input-90a2f56a-input\" required class=\"otter-form-input\"\/><\/div>\n\n\n\n<div id=\"wp-block-themeisle-blocks-form-input-e0e01ba4\" class=\"wp-block-themeisle-blocks-form-input\"><label for=\"wp-block-themeisle-blocks-form-input-e0e01ba4-input\" class=\"otter-form-input-label\"><span class=\"otter-form-input-label__label\">Apellidos<\/span><span class=\"required\">*<\/span><\/label><input type=\"text\" id=\"wp-block-themeisle-blocks-form-input-e0e01ba4-input\" required class=\"otter-form-input\"\/><\/div>\n\n\n\n<div id=\"wp-block-themeisle-blocks-form-input-f0482de7\" class=\"wp-block-themeisle-blocks-form-input\"><label for=\"wp-block-themeisle-blocks-form-input-f0482de7-input\" class=\"otter-form-input-label\"><span class=\"otter-form-input-label__label\">Tel\u00e9fono<\/span><span class=\"required\">*<\/span><\/label><input type=\"text\" id=\"wp-block-themeisle-blocks-form-input-f0482de7-input\" required class=\"otter-form-input\"\/><\/div>\n\n\n\n<div id=\"wp-block-themeisle-blocks-form-input-9c34248d\" class=\"wp-block-themeisle-blocks-form-input\"><label for=\"wp-block-themeisle-blocks-form-input-9c34248d-input\" class=\"otter-form-input-label\"><span class=\"otter-form-input-label__label\">DPI<\/span><span class=\"required\">*<\/span><\/label><input type=\"text\" id=\"wp-block-themeisle-blocks-form-input-9c34248d-input\" required class=\"otter-form-input\"\/><\/div>\n\n\n\n<div id=\"wp-block-themeisle-blocks-form-input-a067286e\" class=\"wp-block-themeisle-blocks-form-input\"><label for=\"wp-block-themeisle-blocks-form-input-a067286e-input\" class=\"otter-form-input-label\"><span class=\"otter-form-input-label__label\">Fecha de solicitud<\/span><span class=\"required\">*<\/span><\/label><input type=\"text\" id=\"wp-block-themeisle-blocks-form-input-a067286e-input\" required class=\"otter-form-input\"\/><\/div>\n\n\n<div class=\"protection\" aria-hidden=\"true\"><input type=\"hidden\" id=\"wp-block-themeisle-blocks-form-8f29777c_nonce_field\" name=\"wp-block-themeisle-blocks-form-8f29777c_nonce_field\" value=\"848bd9a3a3\" \/><input type=\"hidden\" name=\"_wp_http_referer\" value=\"\/agims\/wp-json\/wp\/v2\/pages\/4865\" \/><input class=\"o-anti-bot\" type=\"checkbox\"><\/div>\n\n\n<div id=\"wp-block-themeisle-blocks-form-textarea-a9f4d6ea\" class=\"wp-block-themeisle-blocks-form-textarea\"><label for=\"wp-block-themeisle-blocks-form-textarea-a9f4d6ea-input\" class=\"otter-form-textarea-label\"><span class=\"otter-form-textarea-label__label\">Descripci\u00f3n de su solicitud<\/span><span class=\"required\">*<\/span><\/label><textarea id=\"wp-block-themeisle-blocks-form-textarea-a9f4d6ea-input\" required rows=\"10\" class=\"otter-form-textarea-input\"><\/textarea><\/div>\n\n\n\n<div id=\"wp-block-themeisle-blocks-form-input-c1b3eea7\" class=\"wp-block-themeisle-blocks-form-input\"><label for=\"wp-block-themeisle-blocks-form-input-c1b3eea7-input\" class=\"otter-form-input-label\"><span class=\"otter-form-input-label__label\">Direcci\u00f3n para recibir notificaciones<\/span><span class=\"required\">*<\/span><\/label><input type=\"text\" id=\"wp-block-themeisle-blocks-form-input-c1b3eea7-input\" required class=\"otter-form-input\"\/><\/div>\n\n\n\n<div id=\"wp-block-themeisle-blocks-form-input-fac0e6c8\" class=\"wp-block-themeisle-blocks-form-input\"><label for=\"wp-block-themeisle-blocks-form-input-fac0e6c8-input\" class=\"otter-form-input-label\"><span class=\"otter-form-input-label__label\">Departamento<\/span><\/label><input type=\"text\" id=\"wp-block-themeisle-blocks-form-input-fac0e6c8-input\" class=\"otter-form-input\"\/><\/div>\n\n\n\n<div id=\"wp-block-themeisle-blocks-form-input-ea184b91\" class=\"wp-block-themeisle-blocks-form-input\"><label for=\"wp-block-themeisle-blocks-form-input-ea184b91-input\" class=\"otter-form-input-label\"><span class=\"otter-form-input-label__label\">Municipio<\/span><\/label><input type=\"text\" id=\"wp-block-themeisle-blocks-form-input-ea184b91-input\" class=\"otter-form-input\"\/><\/div>\n\n\n\n<div id=\"wp-block-themeisle-blocks-form-input-f8ef5f4e\" class=\"wp-block-themeisle-blocks-form-input\"><label for=\"wp-block-themeisle-blocks-form-input-f8ef5f4e-input\" class=\"otter-form-input-label\"><span class=\"otter-form-input-label__label\">Email<\/span><span class=\"required\">*<\/span><\/label><input type=\"email\" id=\"wp-block-themeisle-blocks-form-input-f8ef5f4e-input\" required class=\"otter-form-input\"\/><\/div>\n\n\n\n<p class=\"has-extra-small-font-size\">Al enviar este formulario, usted acepta recibir comunicaciones por correo electr\u00f3nico de nuestra parte y comprende que su informaci\u00f3n de contacto se almacenar\u00e1 con nosotros<\/p>\n\n\n\n<p class=\"has-extra-small-font-size\">.<\/p>\n<div class=\"wp-block-button\"><button class=\"wp-block-button__link\" type=\"submit\">Enviar<\/button><\/div><\/form><\/div>\n","protected":false},"excerpt":{"rendered":"<p>+ Previo a llenar el formulario electr\u00f3nico para presentar la solicitud de informaci\u00f3np\u00fablica se sugiere considerar los siguientes aspectos: Nota: El sistema no tiene restricci\u00f3n de horario de recepci\u00f3n de solicitudes, sin embargo, si la solicitud es ingresada despu\u00e9s de las 17:00 horas o en d\u00edas inh\u00e1biles la fecha de [&hellip;]<\/p>\n","protected":false},"author":1,"featured_media":0,"parent":0,"menu_order":0,"comment_status":"closed","ping_status":"closed","template":"page-templates\/template-fullwidth.php","meta":{"pgc_sgb_lightbox_settings":"","_themeisle_gutenberg_block_has_review":false,"footnotes":""},"class_list":["post-4865","page","type-page","status-publish","hentry"],"_links":{"self":[{"href":"https:\/\/agims.org.gt\/agims\/wp-json\/wp\/v2\/pages\/4865","targetHints":{"allow":["GET"]}}],"collection":[{"href":"https:\/\/agims.org.gt\/agims\/wp-json\/wp\/v2\/pages"}],"about":[{"href":"https:\/\/agims.org.gt\/agims\/wp-json\/wp\/v2\/types\/page"}],"author":[{"embeddable":true,"href":"https:\/\/agims.org.gt\/agims\/wp-json\/wp\/v2\/users\/1"}],"replies":[{"embeddable":true,"href":"https:\/\/agims.org.gt\/agims\/wp-json\/wp\/v2\/comments?post=4865"}],"version-history":[{"count":0,"href":"https:\/\/agims.org.gt\/agims\/wp-json\/wp\/v2\/pages\/4865\/revisions"}],"wp:attachment":[{"href":"https:\/\/agims.org.gt\/agims\/wp-json\/wp\/v2\/media?parent=4865"}],"curies":[{"name":"wp","href":"https:\/\/api.w.org\/{rel}","templated":true}]}}